{"id":448,"date":"2025-02-11T13:00:40","date_gmt":"2025-02-11T13:00:40","guid":{"rendered":"https:\/\/dr-paturel-julien.fr\/?page_id=448"},"modified":"2025-12-12T12:54:08","modified_gmt":"2025-12-12T12:54:08","slug":"mentions-legales","status":"publish","type":"page","link":"https:\/\/dr-paturel-julien.fr\/index.php\/mentions-legales\/","title":{"rendered":"Mentions l\u00e9gales"},"content":{"rendered":"<p>[et_pb_section fb_built=\u00a0\u00bb1&Prime; _builder_version=\u00a0\u00bb4.27.4&Prime; background_color=\u00a0\u00bb#383838&Prime; background_image=\u00a0\u00bbhttps:\/\/dr-paturel-julien.fr\/wp-content\/uploads\/2025\/02\/fond-2-orthodontie-bois-guillaume.jpg\u00a0\u00bb min_height=\u00a0\u00bb532px\u00a0\u00bb custom_margin=\u00a0\u00bb||52px|||\u00a0\u00bb custom_padding=\u00a0\u00bb208px||208px||true|\u00a0\u00bb saved_tabs=\u00a0\u00bball\u00a0\u00bb global_colors_info=\u00a0\u00bb{}\u00a0\u00bb][et_pb_row _builder_version=\u00a0\u00bb4.16&Prime; global_colors_info=\u00a0\u00bb{}\u00a0\u00bb][et_pb_column type=\u00a0\u00bb4_4&Prime; _builder_version=\u00a0\u00bb4.16&Prime; custom_padding=\u00a0\u00bb|||\u00a0\u00bb global_colors_info=\u00a0\u00bb{}\u00a0\u00bb custom_padding__hover=\u00a0\u00bb|||\u00a0\u00bb][et_pb_post_title meta=\u00a0\u00bboff\u00a0\u00bb featured_image=\u00a0\u00bboff\u00a0\u00bb _builder_version=\u00a0\u00bb4.16&Prime; title_font=\u00a0\u00bbPoppins|700||on|||||\u00a0\u00bb title_text_align=\u00a0\u00bbleft\u00a0\u00bb title_text_color=\u00a0\u00bb#ffffff\u00a0\u00bb title_font_size=\u00a0\u00bb38px\u00a0\u00bb title_font_size_tablet=\u00a0\u00bb\u00a0\u00bb title_font_size_phone=\u00a0\u00bb20px\u00a0\u00bb title_font_size_last_edited=\u00a0\u00bbon|desktop\u00a0\u00bb text_shadow_style=\u00a0\u00bbpreset3&Prime; global_colors_info=\u00a0\u00bb{}\u00a0\u00bb][\/et_pb_post_title][\/et_pb_column][\/et_pb_row][\/et_pb_section][et_pb_section fb_built=\u00a0\u00bb1&Prime; _builder_version=\u00a0\u00bb4.16&Prime; background_color=\u00a0\u00bb#ededed\u00a0\u00bb min_height=\u00a0\u00bb477px\u00a0\u00bb custom_margin=\u00a0\u00bb-58px||||false|false\u00a0\u00bb custom_padding=\u00a0\u00bb1px|0px|1px|0px|true|false\u00a0\u00bb global_colors_info=\u00a0\u00bb{}\u00a0\u00bb][et_pb_row column_structure=\u00a0\u00bb1_2,1_2&Prime; _builder_version=\u00a0\u00bb4.16&Prime; custom_padding=\u00a0\u00bb39px|0px|39px|0px|true|false\u00a0\u00bb global_colors_info=\u00a0\u00bb{}\u00a0\u00bb][et_pb_column type=\u00a0\u00bb1_2&Prime; _builder_version=\u00a0\u00bb4.16&Prime; custom_padding=\u00a0\u00bb|||\u00a0\u00bb global_colors_info=\u00a0\u00bb{}\u00a0\u00bb custom_padding__hover=\u00a0\u00bb|||\u00a0\u00bb][et_pb_text _builder_version=\u00a0\u00bb4.27.4&Prime; header_font=\u00a0\u00bbPoppins|700||on|||||\u00a0\u00bb header_text_color=\u00a0\u00bb#000000&Prime; header_line_height=\u00a0\u00bb1.2em\u00a0\u00bb header_4_text_color=\u00a0\u00bb#897000&Prime; header_4_line_height=\u00a0\u00bb1.5em\u00a0\u00bb custom_padding=\u00a0\u00bb12px||||false|false\u00a0\u00bb header_font_size_tablet=\u00a0\u00bb\u00a0\u00bb header_font_size_phone=\u00a0\u00bb25px\u00a0\u00bb header_font_size_last_edited=\u00a0\u00bbon|phone\u00a0\u00bb global_colors_info=\u00a0\u00bb{}\u00a0\u00bb]<\/p>\n<p><strong><\/strong><\/p>\n<p>Docteur Julien Paturel<\/p>\n<p>Chirurgien-Dentiste<br \/>Pratique limit\u00e9e \u00e0 l\u2019orthodontie<\/p>\n<p>RRPS 10102024923<\/p>\n<p>T\u00e9l : 02 35 91 74 56<br \/>98 All\u00e9e Marcel Achard<br \/>76230 Bois-Guillaume<\/p>\n<p>Cr\u00e9ation : <a href=\"https:\/\/lcvnet.fr\/\" target=\"_blank\" rel=\"noopener\">LCVNET<\/a><br \/>Charte graphique :<a href=\"https:\/\/lcvnet.fr\/\" target=\"_blank\" rel=\"noopener\"> LCVNET<\/a><br \/>H\u00e9bergement :<a href=\"https:\/\/lcvnet.fr\/hebergement\/\" target=\"_blank\" rel=\"noopener\"> Serveur d\u00e9di\u00e9 LCVNET serveur OVH<\/a><\/p>\n<p>Support technique<\/p>\n<p>H&amp;D<br \/>6 rue des grandes vignes<br \/>10400 La Saulsotte<br \/>France<br \/>Conform\u00e9ment \u00e0 l\u2019article 43 de la loi \u201cInformatique et Libert\u00e9s\u201d relative \u00e0 l\u2019informatique, aux fichiers et aux libert\u00e9s, vous disposez d\u2019un droit d\u2019acc\u00e8s, de modification, de rectification et de suppression des donn\u00e9es qui vous concernent.<\/p>\n<p><a href=\"mailto:info@dr-paturel-julien.fr\" target=\"_blank\" rel=\"noopener\">mail Cabinet Julien Paturel<\/a><\/p>\n<p>&nbsp;<\/p>\n<p>[\/et_pb_text][et_pb_image src=\u00a0\u00bbhttps:\/\/dr-paturel-julien.fr\/wp-content\/uploads\/2025\/12\/Adeo-150.jpg\u00a0\u00bb _builder_version=\u00a0\u00bb4.27.5&Prime; _module_preset=\u00a0\u00bbdefault\u00a0\u00bb alt=\u00a0\u00bbAdeo Julien Paturel\u00a0\u00bb title_text=\u00a0\u00bbAdeo Julien Paturel\u00a0\u00bb url=\u00a0\u00bbhttps:\/\/www.adeo-asso.fr\/\u00a0\u00bb url_new_window=\u00a0\u00bbon\u00a0\u00bb hover_enabled=\u00a0\u00bb0&Prime; sticky_enabled=\u00a0\u00bb0&Prime;][\/et_pb_image][\/et_pb_column][et_pb_column type=\u00a0\u00bb1_2&Prime; _builder_version=\u00a0\u00bb4.16&Prime; custom_padding=\u00a0\u00bb|||\u00a0\u00bb global_colors_info=\u00a0\u00bb{}\u00a0\u00bb custom_padding__hover=\u00a0\u00bb|||\u00a0\u00bb][et_pb_image src=\u00a0\u00bbhttps:\/\/dr-paturel-julien.fr\/wp-content\/uploads\/2025\/02\/cab-2-800-600-4-1.jpg\u00a0\u00bb title_text=\u00a0\u00bbcab 2 800 600 4&Prime; align_tablet=\u00a0\u00bbcenter\u00a0\u00bb align_phone=\u00a0\u00bb\u00a0\u00bb align_last_edited=\u00a0\u00bbon|desktop\u00a0\u00bb _builder_version=\u00a0\u00bb4.27.4&Prime; custom_margin=\u00a0\u00bb140px||||false|false\u00a0\u00bb global_colors_info=\u00a0\u00bb{}\u00a0\u00bb][\/et_pb_image][\/et_pb_column][\/et_pb_row][\/et_pb_section]<\/p>\n","protected":false},"excerpt":{"rendered":"<p>Docteur Julien Paturel Chirurgien-DentistePratique limit\u00e9e \u00e0 l\u2019orthodontie RRPS 10102024923 T\u00e9l : 02 35 91 74 5698 All\u00e9e Marcel Achard76230 Bois-Guillaume Cr\u00e9ation : LCVNETCharte graphique : LCVNETH\u00e9bergement : Serveur d\u00e9di\u00e9 LCVNET serveur OVH Support technique H&amp;D6 rue des grandes vignes10400 La SaulsotteFranceConform\u00e9ment \u00e0 l\u2019article 43 de la loi \u201cInformatique et Libert\u00e9s\u201d relative \u00e0 l\u2019informatique, aux fichiers [&hellip;]<\/p>\n","protected":false},"author":2,"featured_media":0,"parent":0,"menu_order":0,"comment_status":"closed","ping_status":"closed","template":"","meta":{"_et_pb_use_builder":"on","_et_pb_old_content":"","_et_gb_content_width":"","h5ap_radio_sources":[],"footnotes":""},"class_list":["post-448","page","type-page","status-publish","hentry"],"_links":{"self":[{"href":"https:\/\/dr-paturel-julien.fr\/index.php\/wp-json\/wp\/v2\/pages\/448","targetHints":{"allow":["GET"]}}],"collection":[{"href":"https:\/\/dr-paturel-julien.fr\/index.php\/wp-json\/wp\/v2\/pages"}],"about":[{"href":"https:\/\/dr-paturel-julien.fr\/index.php\/wp-json\/wp\/v2\/types\/page"}],"author":[{"embeddable":true,"href":"https:\/\/dr-paturel-julien.fr\/index.php\/wp-json\/wp\/v2\/users\/2"}],"replies":[{"embeddable":true,"href":"https:\/\/dr-paturel-julien.fr\/index.php\/wp-json\/wp\/v2\/comments?post=448"}],"version-history":[{"count":9,"href":"https:\/\/dr-paturel-julien.fr\/index.php\/wp-json\/wp\/v2\/pages\/448\/revisions"}],"predecessor-version":[{"id":735,"href":"https:\/\/dr-paturel-julien.fr\/index.php\/wp-json\/wp\/v2\/pages\/448\/revisions\/735"}],"wp:attachment":[{"href":"https:\/\/dr-paturel-julien.fr\/index.php\/wp-json\/wp\/v2\/media?parent=448"}],"curies":[{"name":"wp","href":"https:\/\/api.w.org\/{rel}","templated":true}]}}